nds digit of 2275764210?
6
What is the units digit of 1495215205?
5
What is the thousands digit of 12185393?
5
What is the ten thousands digit of 10124930?
2
What is the hundreds digit of 121354290?
2
What is the hundred thousands digit of 178351575?
3
What is the ten thousands digit of 2809688264?
8
What is the thousands digit of 250830170?
0
What is the units digit of 25722907?
7
What is the tens digit of 47020578?
7
What is the thousands digit of 1182556614?
6
What is the hundreds digit of 26377831?
8
What is the units digit of 68969026?
6
What is the ten millions digit of 58914900?
5
What is the hundreds digit of 752721849?
8
What is the units digit of 3683519493?
3
What is the ten millions digit of 822380238?
2
What is the hundred millions digit of 113072746?
1
What is the ten millions digit of 856472865?
5
What is the ten millions digit of 236283754?
3
What is the billions digit of 2676952315?
2
What is the thousands digit of 5779002?
9
What is the ten millions digit of 463068613?
6
What is the millions digit of 1171848980?
1
What is the ten thousands digit of 71155514?
5
What is the tens digit of 526642175?
7
What is the millions digit of 1719469570?
9
What is the thousands digit of 633210?
3
What is the tens digit of 71313260?
6
What is the ten thousands digit of 3838239964?
3
What is the ten thousands digit of 49279855?
7
What is the hundreds digit of 115823542?
5
What is the thousands digit of 3048233969?
3
What is the tens digit of 315828873?
7
What is the ten thousands digit of 72672342?
7
What is the hundreds digit of 732120325?
3
What is the thousands digit of 1696013928?
3
What is the ten thousands digit of 1571125141?
2
What is the units digit of 271391912?
2
What is the units digit of 1183275196?
6
What is the hundred millions digit of 340218783?
3
What is the ten thousands digit of 19770224?
7
What is the hundred thousands digit of 1249451955?
4
What is the tens digit of 64201380?
8
What is the tens digit of 2009748451?
5
What is the thousands digit of 529087826?
7
What is the ten thousands digit of 1945421536?
2
What is the ten thousands digit of 1097745927?
4
What is the thousands digit of 88244631?
4
What is the thousands digit of 84220258?
0
What is the millions digit of 72652771?
2
What is the units digit of 8823471560?
0
What is the billions digit of 3635336258?
3
What is the hundred thousands digit of 2348165732?
1
What is the millions digit of 292465971?
2
What is the ten millions digit of 40637904?
4
What is the hundreds digit of 1209150036?
0
What is the ten thousands digit of 2579733984?
3
What is the hundreds digit of 27482232?
2
What is the units digit of 23678295?
5
What is the hundreds digit of 21689336?
3
What is the thousands digit of 52598288?
8
What is the tens digit of 15557296?
9
What is the units digit of 1648946066?
6
What is the tens digit of 139105268?
6
What is the ten millions digit of 172251176?
7
What is the tens digit of 1394901742?
4
What is the ten thousands digit of 80560318?
6
What is the hundreds digit of 78414488?
4
What is the millions digit of 4034701363?
4
What is the millions digit of 34296885?
4
What is the ten millions digit of 166678105?
6
What is the millions digit of 359092158?
9
What is the units digit of 1973774339?
9
What is the ten millions digit of 651466989?
5
What is the millions digit of 171367802?
1
What is the hundred thousands digit of 3430081414?
0
What is the millions digit of 32353500?
2
What is the billions digit of 1998219771?
1
What is the units digit of 2257933541?
1
What is the hundred millions digit of 3862995924?
8
What is the tens digit of 982477019?
1
What is the hundreds digit of 6380103613?
6
What is the millions digit of 3306394082?
6
What is the units digit of 55896238?
8
What is the ten millions digit of 17583460?
1
What is the millions digit of 45627604?
5
What is the ten millions digit of 2661809576?
6
What is the ten thousands digit of 476781559?
8
What is the tens digit of 5663853?
5
What is the units digit of 10961156?
6
What is the hundreds digit of 53235186?
1
What is the thousands digit of 147482870?
2
What is the hundred thousands digit of 3335968112?
9
What is the ten millions digit of 235576962?
3
What is the millions digit of 549852444?
9
What is the hundred thousands digit of 618108620?
1
What is the billions digit of 1749574104?
1
What is the ten thousands digit of 35611691?
1
What is the ten millions digit of 127838568?
2
What is the millions digit of 490581911?
0
What is the ten thousands digit of 37239053?
3
What is the hundred thousands digit of 180475258?
4
What is the ten thousands digit of 635810913?
1
What is the units digit of 2406115441?
1
What is the thousands digit of 158234212?
4
What is the hundred thousands digit of 1333968425?
9
What is the units digit of 9850962?
2
What is the units digit of 158279133?
3
What is the millions digit of 4367589?
4
What is the hundred thousands digit of 48287462?
2
What is the thousands digit of 154926269?
6
What is the tens digit of 519063445?
4
What is the hundreds digit of 2472786?
7
What is the hundred millions digit of 4433781106?
4
What is the hundred millions digit of 1618885586?
6
What is the thousands digit of 80510709?
0
What is the thousands digit of 42150372?
0
What is the millions digit of 53998639?
3
What is the units digit of 3267369?
9
What is the thousands digit of 40539577?
9
What is the hundred millions digit of 3858031492?
8
What is the units digit of 1797740640?
0
What is the millions digit of 160186059?
0
What is the units digit of 3199458010?
0
What is the hundred millions digit of 111437641?
1
What is the millions digit of 5493276027?
3
What is the ten millions digit of 49059004?
4
What is the hundred millions digit of 288273317?
2
What is the hundreds digit of 1145364035?
0
What is the millions digit of 1697638886?
7
What is the ten thousands digit of 406622997?
2
What is the hundred thousands digit of 91471959?
4
What is the ten millions digit of 863426918?
6
What is the hundred millions digit of 1817120396?
8
What is the hundred thousands digit of 537743344?
7
What is the thousands digit of 7066451163?
1
What is the hundreds digit of 1048353742?
7
What is the thousands digit of 808774656?
4
What is the hundreds digit of 2425279123?
1
What is the tens digit of 45616329?
2
What is the hundred thousands digit of 168723295?
7
What is the billions digit of 6558924344?
6
What is the millions digit of 9074022?
9
What is the ten thousands digit of 1100750?
0
What is the millions digit of 620792921?
0
What is the millions digit of 3406722696?
6
What is the ten thousands digit of 15105545?
0
What is the millions digit of 67244158?
7
What is the thousands digit of 8245819549?
9
What is the ten thousands digit of 127543457?
4
What is the hundreds digit of 91174761?
7
What is the millions digit of 59279140?
9
What is the ten millions digit of 229792099?
2
What is the tens digit of 56018988?
8
What is the thousands digit of 565710425?
0
What is the tens digit of 2132231180?
8
What is the hundreds digit of 8107227717?
7
What is the hundreds digit of 210704914?
9
What is the hundred thousands digit of 151865821?
8
What is the units digit of 916727932?
2
What is the ten millions digit of 52229893?
5
What is the tens digit of 2578414165?
6
What is the ten thousands digit of 18041330?
4
What is the hundred thousands digit of 58628908?
6
What is the hundreds digit of 1414501200?
2
What is the ten millions digit of 915673263?
1
What is the hundred millions digit of 385933074?
3
What is the ten millions digit of 4234157862?
3
What is the hundred thousands digit of 39170627?
1
What is the ten millions digit of 3423910253?
2
What is the thousands digit of 3074796?
4
What is the units digit of 446532855?
5
What is the thousands digit of 3132216573?
6
What is the hundreds digit of 3341657126?
1
What is the hundred millions digit of 194183983?
1
What is the units digit of 65991251?
1
What is the units digit of 50791732?
2
What is the thousands digit of 145731059?
1
What is the hundreds digit of 67059264?
2
What is the hundreds digit of 1055091233?
2
What is the hundreds digit of 96315489?
4
What is the millions digit of 24299656?
4
What is the units digit of 52913347?
7
What is the hundred